t the prime factors of (39452/42)/(-2)*(-1 + -8).
3, 1409
Let b(c) = -7*c - 5. Let g be b(-1). List the prime factors of (-3 + -14)*(g - 4 - 77).
17, 79
Suppose -4*q + 36 = -2*j, 5*j - 3*q + 139 = 42. Let x(b) = -108*b + 35*b - b**3 + 40 + 92*b - 19*b**2. List the prime factors of x(j).
2, 3, 5
Suppose -66721 + 187555 = 20*b - 6*b. List the prime factors of b.
3, 7, 137
Let u(r) = r**2 - 1. Let a(c) = 3*c**2 - 31*c + 32. Let f(h) = a(h) - 4*u(h). What are the prime factors of f(-18)?
2, 3, 5
Suppose -2*n + o = -86, -3*n + 60 = 2*o - 55. Suppose 13*r = n + 63. List the prime factors of r.
2
Let v(s) = -21*s**2 + 30 + 14 + 0*s**3 - s**3 + 5*s + 2*s**3 + s. List the prime factors of v(22).
2, 3, 5, 11
Let b = -3086 + 26076. List the prime factors of b.
2, 5, 11, 19
Suppose -4*c + c - 2*c = 0. Let n be (7 - 6) + c/3 + -341. What are the prime factors of 194/22 - (6 - n/(-55))?
3
Let d be 2/(-8) - 135/(-24)*-6. Let k = -32 - d. Suppose -6*v + k*v = -348. List the prime factors of v.
3, 29
Let w = 2471 + 2409. Suppose -w = -5*q - 1630. What are the prime factors of q?
2, 5, 13
Let p(b) = b**2 + 6*b - 43. Let d be p(-16). Suppose d*z - 116*z = 546. What are the prime factors of z?
2, 3, 7, 13
Suppose 4*f + 3*r - 173445 = 0, r = 3*f + 43863 - 173963. List the prime factors of f.
3, 5, 7, 59
Suppose 0 = 6*z + 4 + 14. Let x be 3/1 - (z - -1). Suppose k + 0*h - 5*h = 105, 0 = -x*k + 2*h + 479. List the prime factors of k.
5, 19
Let r be (-2)/(3/12*-2). What are the prime factors of r*((-9138)/(-72) + (-3)/(-9))?
509
Let c be ((-100)/(-9))/(-10)*-9. Suppose c*p = -4*p + 2380. List the prime factors of p.
2, 5, 17
Let b(t) = -26*t + 29. Let v be b(25). Let x = v + 1899. What are the prime factors of x?
2, 3, 71
Suppose 3*s - z = -45, 4*s - 4*z + 50 = -18. What are the prime factors of (-13)/((-1092)/(-24)) + (-2384)/s?
2, 5, 17
Let j(c) be the first derivative of 176*c**3 + c - 202. List the prime factors of j(1).
23
Let b be 38/4 + 21/(-14). Let k(j) = j**3 + 9*j**2 - 13*j - 22. List the prime factors of k(b).
2, 13, 37
Let q = -71 - 70. Let v = -141 - q. Suppose v = -24*k + 29*k - 495. What are the prime factors of k?
3, 11
Suppose -59*z - 81107 + 1100423 + 1194423 = 0. List the prime factors of z.
3, 11, 379
Suppose 0 = 7*v + 66 + 32. What are the prime factors of (-7)/(v/102)*(-34)/(-6)?
17
Let g(x) = -4 + 1 + 309*x + 63*x + 573*x - 6. What are the prime factors of g(1)?
2, 3, 13
Suppose -4*x = 13*x - 5423. Suppose 4*b - 76 = -4*v, 3*b + 4*v = 6*v + 32. Suppose -3*h + b*h - x = 0. What are the prime factors of h?
29
Suppose -5*d = 20 - 5. Let f be 14/d*126/(-147). Suppose -1224 = -f*v - 5*v. What are the prime factors of v?
2, 17
List the prime factors of 7141 + -6 + 2/(-4)*2.
2, 3, 29, 41
Let p(i) = 24*i + 15. Let c be 0/61 + 0*2/4. List the prime factors of p(c).
3, 5
Let c(t) = 135*t**3 - 8*t**2 + 49*t - 53. Let m(x) = 45*x**3 - 3*x**2 + 17*x - 18. Let n(q) = 6*c(q) - 17*m(q). What are the prime factors of n(2)?
2, 5, 37
What are the prime factors of 4 - (96426/264)/((-1)/24)?
2, 5, 877
Let i(c) = -75*c + 1. Let j(x) = x**2 - 26*x + 42. Let f be j(24). What are the prime factors of i(f)?
11, 41
Let n be (-2)/(-14)*19 - (-4)/14. Let m(d) = 5*d**3 + 0*d**3 - 75*d**2 + 78*d**2 + 3*d + 5 - n. List the prime factors of m(3).
173
Suppose 4*d + 5*l = 3*d - 18, d = 2*l + 10. Suppose -d*b + 3524 = 842. What are the prime factors of b?
3, 149
Let j(i) be the second derivative of i**3/3 + 11*i**2 - 33*i. Let h be j(-11). List the prime factors of (h - (0 - -4))*-28.
2, 7
Let d be ((-6255872)/40)/(-8) + (-2)/(-5). Suppose 0 = -22*f + 5*f + d. List the prime factors of f.
2, 5, 23
Suppose -2*z + 113620 = -2*a, -z + 56780 = -25*a + 29*a. List the prime factors of z.
2, 11, 1291
Suppose 0 = 20*i + 2*i - 1760. What are the prime factors of i/(-2)*(2 + 70/(-8))?
2, 3, 5
Suppose 0 = -47*q - 579 - 173. Let u(n) = n**2 - n + 22. What are the prime factors of u(q)?
2, 3, 7
Let q be 2*(2 - -3) - 1. Let z(n) be the first derivative of 9*n**2/2 - 59*n + 457. List the prime factors of z(q).
2, 11
List the prime factors of (1/(-3)*-98)/(-10 + 25360/2535).
7, 13
List the prime factors of (9 + 9 - 9) + 6264.
3, 17, 41
Let n = 4284 + 4611. List the prime factors of n.
3, 5, 593
Suppose -3*q - 36828 = -3*c, 4*q = 5*c + 7*q - 61396. List the prime factors of c.
2, 7, 877
Let x = 31 + -30. List the prime factors of (-564)/1*x/(-2).
2, 3, 47
Let u = -92 + 96. Suppose 0 = -u*g - 13*g - 3723. Let p = g - -442. List the prime factors of p.
223
Let b(t) = 6003*t - 24. What are the prime factors of b(4)?
2, 3, 1999
Let r = -166 - -171. Suppose -r*h - 112 = -4*a - 7*h, -5*a + 2*h + 140 = 0. What are the prime factors of a?
2, 7
Let l = -653 + 655. List the prime factors of ((-1027)/(-237))/(1*l/594).
3, 11, 13
Let p(n) = 2*n**2 - 18*n + 18. Let j be p(1). Let h(f) = -f**2 + 16*f + 9. Let d be h(7). Suppose -j*l - d = -8*l. List the prime factors of l.
2, 3
List the prime factors of (144/(-56))/((-8)/(-4074))*-2.
3, 97
Let m be ((-3)/9)/(3/9). Let g be m/3*(2 - 17). Suppose g*j - 7*j + 168 = 0. What are the prime factors of j?
2, 3, 7
Let l be -2*-3*2/(-6)*-349. Let y = 1168 - l. Suppose 5*o = 10*o - y. What are the prime factors of o?
2, 47
Suppose 67*a - 69*a + 32 = 0. Suppose -a*n = -7*n - 1845. List the prime factors of n.
5, 41
Suppose -3*q = -7 + 4, 38 = -3*m - q. Let w(p) = 6*p**2 + 30*p + 5. List the prime factors of w(m).
17, 37
Let y(w) = 969*w**3 - 4*w**2 + 3*w - 2. Let g(m) = -m**3 - 15*m**2 - 34*m + 25. Let k be g(-12). List the prime factors of y(k).
2, 3, 7, 23
Let h(l) = -12*l**2 - 10*l - 3. Let n(r) = 12*r**2 + 9*r + 5. Let k(w) = 2*h(w) + 3*n(w). What are the prime factors of k(-2)?
43
Let l be (-3 - -3 - 1)*(3 - 691). Suppose -681*x = -l*x + 1155. List the prime factors of x.
3, 5, 11
List the prime factors of (-350)/525 + (52870/(-6))/5*-5.
3, 11, 89
Let p(a) = 1276*a - 8. List the prime factors of p(5).
2, 3, 59
Let i(c) = c**3 + 10*c**2 - 75*c - 3. Let o be i(-13). Let g = o - 66. What are the prime factors of g?
3, 7, 19
Suppose 8*n - l - 113091 = 0, -n + 3*l + 9508 = -4614. What are the prime factors of n?
67, 211
Let l(f) = f**3 - 6*f**2 + 8*f - 10. Let z be l(5). Suppose 10*w - 175 = 5*w. What are the prime factors of z + 8425/w - 4/(-14)?
2, 3, 41
Let r = -812 + -1058. Let b = r - -2666. What are the prime factors of b?
2, 199
Let w(z) = -6*z - 69. Let u be w(-13). Let x(y) = -y**3 + 16*y**2 - 22*y - 3. List the prime factors of x(u).
2, 3, 61
Let j(v) = -3*v - 29. Let t be j(-10). Let p be (-1)/((2 - t)/3)*-28. Let y = -80 + p. What are the prime factors of y?
2
Suppose 21*f = 57*f - 262152. List the prime factors of f.
2, 11, 331
Let f = -59 + 47. Let u(k) = -7*k + 29. Let g be u(f). Suppose 5*w + 26 - 225 = -2*s, -2*w - g = -s. What are the prime factors of s?
107
Suppose 0 = -3*v + 3, 0 = -5*k + k - v + 1. Suppose 5*n + 3*i - 2 = k, 0 = -5*n - 4*i + 2*i + 3. List the prime factors of (-384)/(-2 + -1) - n.
127
Let j(h) = 37*h**2 + 418*h - 36. What are the prime factors of j(-21)?
3, 41, 61
Let s = -340 + 342. List the prime factors of s - 3 - (-12 + -593).
2, 151
Suppose 24*b - 20*b + 3*m - 9468 = 0, 4*b - 5*m - 9436 = 0. What are the prime factors of b?
2, 3, 197
Let p(r) be the first derivative of -9*r**2 - 5*r - 3. Let w be p(2). Let q = 7 - w. What are the prime factors of q?
2, 3
Let u = 55 + -55. Suppose 2*l = 3*q - 757, 5*l + 512 = 2*q - u*q. List the prime factors of q.
251
Let v(i) = -40*i**3 + 6*i**2 + 6*i - 14. Let j(u) = -41*u**3 + 8*u**2 + 7*u - 14. Let x(r) = 2*j(r) - 3*v(r). What are the prime factors of x(2)?
2, 151
Suppose -6598386 = 3*k - 312*k. What are the prime factors of k?
2, 3, 3559
Let a = -2756 + 5138. Let p = a - 1564. List the prime factors of p.
2, 409
Let p(w) = -311*w + 12465. List the prime factors of p(0).
3, 5, 277
Suppose -3*v + 47000 = 5*d - 8*v, -5*v = 4*d - 37645. List the prime factors of d.
3, 5, 11, 19
Suppose 3*q - 550 = -7*q. Let y = -54 + q. List the prime factors of (-540)/(-8) + (y - (-3)/(-2)).
67
Let b be (-4)/14 - (6/(-7))/3. Suppose -2*i - 7 - 1 = b. List the prime factors of (-2)/8*55*i.
5, 11
What are the prime factors of 34 - -14847 - (-85)/5?
2, 3, 13, 191
Let m(u) = 6*u**2 + 23*u + 15. Let x be m(-10